 Give a(-7).
-48
Let i(u) = 42*u**2 - 27*u - 53. What is i(-2)?
169
Let p(s) = s**3 + 27*s**2 + 2*s + 101. What is p(-27)?
47
Let d(x) = -x**3 + 64*x**2 + 80*x - 5. What is d(65)?
970
Let j(k) = -k**2 - 152*k - 2417. Determine j(-18).
-5
Let z(l) = l**2 + 33*l - 167. What is z(4)?
-19
Let j(h) = -h**3 + 15*h**2 + 105*h - 1135. What is j(17)?
72
Let l(d) = d**2 + 892*d - 5368. Determine l(6).
20
Let z(y) = -2*y**2 - 30*y + 11. Determine z(-8).
123
Let j(a) = -10*a**3 + 4*a**2 + 6*a - 9. Determine j(1).
-9
Let q(d) = 44*d**2 + 137*d - 3. What is q(-3)?
-18
Let t(n) = 10*n**2 + 70*n + 10. Determine t(-6).
-50
Let g(w) = 28*w - 102. Calculate g(6).
66
Let n(c) = 32*c - 90. Give n(3).
6
Let h(z) = 2*z**2 - 46*z + 84. Give h(19).
-68
Let b(m) = 3*m**2 - 75*m + 315. Determine b(5).
15
Let l(c) = -9*c**2 + 101*c - 163. Give l(9).
17
Let m(f) = -15*f - 902. Give m(-40).
-302
Let k(i) = -i**2 + 1860*i - 11133. Give k(6).
-9
Let n(z) = z**2 + 26*z + 151. Calculate n(-10).
-9
Let c(a) = a**2 + 38*a - 80. Calculate c(-41).
43
Let d(p) = 3*p**3 - 16*p + 3. Determine d(-5).
-292
Let u(m) = 2*m**2 - 367*m + 16747. What is u(85)?
2
Let j(o) = -72*o**2 - 7*o + 5. Determine j(1).
-74
Let j(t) = -t**2 - 27*t + 65. Determine j(-27).
65
Let b(a) = -28*a - 226. What is b(-7)?
-30
Let z(n) = -523*n + 2088. Give z(4).
-4
Let o(k) = -k**3 + 96*k**2 + 89*k + 690. Determine o(97).
-86
Let n(s) = 31*s + 33. Give n(11).
374
Let k(d) = -18*d**2 - 614*d - 57. Calculate k(-34).
11
Let q(n) = -3*n**3 - 3*n**2 + 15*n - 18. Determine q(3).
-81
Let h(y) = -2*y + 13. What is h(27)?
-41
Let k(t) = 13*t - 777. Give k(60).
3
Let l(z) = 689*z + 8956. What is l(-13)?
-1
Let k(x) = -x**3 + 78*x**2 + 323*x + 398. Calculate k(82).
-12
Let l(o) = o**3 + 36*o**2 - 28*o - 111. Calculate l(-37).
-444
Let q(d) = -359*d + 1442. Calculate q(4).
6
Let s(d) = 132*d + 1432. Give s(-11).
-20
Let t(k) = -k**2 + 19*k + 2770. What is t(63)?
-2
Let z(x) = x**2 - 8*x - 237. What is z(-12)?
3
Let v(n) = 4213*n + 12664. Give v(-3).
25
Let t(r) = 2*r**3 - 2*r**2 - 5*r + 4. Calculate t(-3).
-53
Let f(r) = r**3 + 13*r**2 + 56*r - 123. What is f(-11)?
-497
Let q(f) = f**2 + 56*f + 745. Give q(-45).
250
Let p(r) = -r**3 - 52*r**2 + 96*r + 4991. What is p(-52)?
-1
Let o(k) = -45*k - 468. Determine o(-10).
-18
Let k(c) = 59*c**2 - 4*c + 5. Calculate k(2).
233
Let x(f) = -f**3 - 13*f**2 - f - 22. Calculate x(-12).
-154
Let o(v) = 26*v**2 + 5*v - 16. What is o(3)?
233
Let j(q) = -q**3 + 9*q**2 + 24*q - 43. Determine j(11).
-21
Let b(s) = s**3 - 12*s**2 - 68*s - 14. Give b(-4).
2
Let w(l) = -2*l**2 - 45*l + 15. Calculate w(-22).
37
Let u(l) = -l**2 - 16*l - 47. Give u(-11).
8
Let o(t) = -448*t - 15675. Determine o(-35).
5
Let n(v) = 3*v**2 - 85*v - 1311. Give n(-11).
-13
Let j(u) = -2*u**3 + 28*u**2 - 31*u + 117. Calculate j(13).
52
Let f(y) = y**2 + 53*y + 361. What is f(-36)?
-251
Let o(x) = 1281*x + 61486. What is o(-48)?
-2
Let u(c) = -c**2 - 843*c - 12416. Determine u(-15).
4
Let i(d) = d**2 + 142*d - 2248. Give i(15).
107
Let z(h) = 78*h - 377. Give z(6).
91
Let n(w) = -2*w**2 + 1038*w - 5135. What is n(5)?
5
Let s(y) = -5*y**2 - 72*y - 97. Calculate s(-13).
-6
Let g(t) = -35*t - 503. Calculate g(-16).
57
Let a(l) = -10*l**3 - 3*l**2 + 11*l - 6. What is a(-3)?
204
Let c(l) = 29*l + 530. Calculate c(-19).
-21
Let t(w) = w**2 + 14*w + 38. Determine t(-9).
-7
Let k(q) = 132*q + 785. What is k(-5)?
125
Let l(u) = -28*u + 59. Give l(7).
-137
Let j(f) = -2*f**2 - 50. What is j(0)?
-50
Let v(w) = w**3 - 47*w**2 - 263*w - 21. Calculate v(-5).
-6
Let a(j) = j**3 - 8*j**2 + 14*j + 8. What is a(4)?
0
Let i(n) = -n**3 - 45*n**2 - 127*n - 78. Give i(-42).
-36
Let j(m) = m**3 - 146*m**2 + 290*m - 151. Calculate j(144).
137
Let i(y) = -12*y + 602. Give i(59).
-106
Let o(h) = 3*h**2 + 25*h - 10. Give o(-9).
8
Let o(f) = -f**3 + 4*f**2 + 76*f + 24. What is o(11)?
13
Let h(m) = 7*m**2 - 16*m + 3. Determine h(3).
18
Let g(v) = -v**2 + 47*v - 590. Calculate g(29).
-68
Let s(t) = -17*t**2 + 2104*t + 480. Determine s(124).
-16
Let n(f) = f**2 + 19*f - 1063. What is n(-45)?
107
Let a(p) = -7*p + 215. Calculate a(27).
26
Let z(f) = f**3 - 30*f**2 - 25*f - 13. What is z(31)?
173
Let j(o) = 12*o**2 + 70*o - 19. Calculate j(-11).
663
Let x(k) = -45*k - 66. Give x(-16).
654
Let f(d) = -15*d + 156. Determine f(29).
-279
Let k(r) = 5*r**2 + 147*r + 298. Give k(-2).
24
Let z(a) = a**3 + 4*a**2 - 364*a - 1792. What is z(-5)?
3
Let c(g) = g**3 + 87*g**2 + 634*g + 159. Determine c(-79).
1
Let d(j) = 4*j**3 - 5*j**2 - 5*j + 3. Calculate d(2).
5
Let n(i) = i**3 + 5*i - 52. Give n(0).
-52
Let h(g) = 1002*g - 7996. Calculate h(8).
20
Let b(r) = -r**2 - 125*r + 1362. What is b(10)?
12
Let o(y) = y**3 - 36*y**2 + 2*y - 96. Calculate o(36).
-24
Let w(q) = q**2 - q - 3. Calculate w(4).
9
Let q(w) = -17*w + 116. Determine q(15).
-139
Let i(n) = n**2 - 242*n - 974. What is i(-4)?
10
Let q(k) = 9*k**2 + 10*k - 16. Give q(-4).
88
Let t(j) = -13*j + 251. Determine t(3).
212
Let x(o) = -2*o**3 + 42*o**2 - 42*o + 50. Determine x(20).
10
Let n(r) = 2*r**2 + 41*r - 500. Calculate n(9).
31
Let m(q) = 3*q**3 + 123*q**2 - 4*q - 170. Determine m(-41).
-6
Let g(s) = 214*s - 479. Determine g(2).
-51
Let j(y) = -y**2 - 3*y + 218. Determine j(14).
-20
Let k(w) = -67*w - 1004. Calculate k(-12).
-200
Let g(b) = -151*b + 5. Give g(0).
5
Let k(y) = -y**2 + 23*y + 64. Determine k(-7).
-146
Let o(b) = -b**2 - 14*b + 93. Give o(4).
21
Let g(f) = -35*f**2 - 43*f + 12. Calculate g(-5).
-648
Let t(v) = 9*v**2 + 27*v + 63. Calculate t(-3).
63
Let a(r) = r**3 - 5*r**2 - 15*r + 9. Calculate a(6).
-45
Let u(h) = -2*h**3 + 5*h**2 + 19*h - 9. Determine u(6).
-147
Let x(j) = 63*j + 10656. Calculate x(-169).
9
Let o(j) = -j**2 - 18*j + 67. What is o(-22)?
-21
Let y(z) = z**2 - 8*z + 26. Calculate y(7).
19
Let o(b) = -13*b**3 + 8*b**2 - 15*b + 4. What is o(2)?
-98
Let k(f) = -f**3 - 29*f**2 + 132*f. What is k(-33)?
0
Let z(p) = -17*p + 37. Determine z(11).
-150
Let x(g) = g**3 + 30*g**2 - 29*g + 50. Give x(-31).
-12
Let z(b) = 91*b + 410. Calculate z(-5).
-45
Let j(n) = n**3 - 10*n**2 - 28*n + 229. What is j(6)?
-83
Let f(d) = d**3 + 62*d**2 + 487*d - 5661. What is f(-50)?
-11
Let j(z) = 1248*z**2 + 14976*z - 2. Calculate j(-12).
-2
Let t(f) = f**3 - 24*f**2 - 216*f + 317. What is t(-8)?
-3
Let f(y) = -5448*y + 5439. Give f(1).
-9
Let h(l) = l**2 + 63*l + 421. Give h(-54).
-65
Let l(g) = -114*g - 581. Give l(-5).
-11
Let w(d) = 186*d + 10046. Give w(-54).
2
Let m(a) = a**3 + 43*a**2 - 192*a - 241. Determine m(-47).
-53
Let t(w) = w**3 + 23*w**2 + 34*w + 1. Calculate t(-21).
169
Let z(g) = 5*g**3 + 43*g**2 - 19*g - 5. Calculate z(-9).
4
Let w(q) = q**3 + 18*q**2 + 12*q - 14. Determine w(-17).
71
Let r(j) = -5*j**2 + 324*j - 356. Calculate r(64).
-100
Let v(y) = 19*y - 90. What is v(5)?
5
Let v(r) = -2*r**2 + 233*r + 2680. Give v(-12).
-404
Let d(u) = -129*u**2 - 3*u - 1. Determine d(-1).
-127
Let q(p) = p**2 + 47*p + 530. What is q(-29)?
8
Let o(y) = y**2 - 19*y - 1376. What is o(-27)?
-134
Let g(n) = n**3 + 13*n**2 + 3*n + 99. Give g(-14).
-139
Let i(h) = -2*h**3 - 31*h**2 + 12*h - 82. Give i(-16).
-18
Let a(q) = 59*q + 9056. Calculate a(-153).
29
Let h(a) = -a**2 - 8*a + 75. Give h(-17).
-78
Let y(v) = -3044*v + 30442. Calculate y(10).
2
Let n(c) = -364*c + 5862. Determine n(16).
38
Let i(c) = -8*c**3 - 7*c**2 + 2*c + 35. Calculate i(3).
-238
Let i(l) = 29*l + 2109. Calculate i(-73).
-8
Let y(i) = 157*i - 47. Calculate y(2).
267
Let g(k) = 213*k + 1504. What is g(-7)?
13
Let z(l) = -l**3 + 86*l**2 - 323*l - 376. Determine z(82).
34
Let r(c) = c**2 - 185*c + 8345. What is r(107)?
-1
Let x(d) = -d**3 - 22*d**2 - 23*d - 28. Give x(-21).
14
Let r(n) = -n**3 - 2*n**2 - 4*n - 25. What is r(-2)?
-17
Let x(m) = m**3 + 64*m**2 + 181*m - 136. What is x(-61)?
-14
Let l(p) = -1353*p**2 + 10*p - 9. What is l(1)?
-1352
Let s(x) = x**2 - 140*x - 9223. Calculate s(189).
38
Let b(n) = 2*n**3 + 270*n**2 - 269*n + 481. Calculate b(-136).
73
Let v(q) = 2*q**3 + 22*q**2 - 4*q - 48. Give v(-11).
-4
Let i(l) = -472*l - 12756. Give i(-27).
-12
Let b(z) = -135*z - 6353. Calculate b(-47).
-8
Let r(b) = -2*b**2 - 441*b - 3387. Give r(-8).
13
Let o(z) = -30*z - 912. What is o(-44)?
408
Let g(i) = -4*i**2 + 6